 1704854015?
0
What is the millions digit of 868236959?
8
What is the tens digit of 26566325?
2
What is the ten thousands digit of 36058216?
5
What is the tens digit of 347684058?
5
What is the tens digit of 88150027?
2
What is the hundred thousands digit of 85274982?
2
What is the units digit of 3611246941?
1
What is the hundred thousands digit of 435238977?
2
What is the ten millions digit of 104736525?
0
What is the ten thousands digit of 62434548?
3
What is the ten millions digit of 36253994?
3
What is the tens digit of 314577660?
6
What is the ten millions digit of 48584716?
4
What is the hundred thousands digit of 501592?
5
What is the thousands digit of 864897312?
7
What is the ten thousands digit of 396340812?
4
What is the hundreds digit of 7471203?
2
What is the hundred millions digit of 388715603?
3
What is the units digit of 6336274281?
1
What is the ten thousands digit of 70457335?
5
What is the millions digit of 66620581?
6
What is the thousands digit of 4933145471?
5
What is the hundreds digit of 70867686?
6
What is the ten millions digit of 1248833686?
4
What is the hundred thousands digit of 237895101?
8
What is the units digit of 88147770?
0
What is the ten millions digit of 4177909900?
7
What is the thousands digit of 62393598?
3
What is the hundreds digit of 5244787?
7
What is the units digit of 115222944?
4
What is the hundreds digit of 135797812?
8
What is the millions digit of 466215892?
6
What is the thousands digit of 115695388?
5
What is the millions digit of 114774784?
4
What is the units digit of 469405155?
5
What is the millions digit of 1813516429?
3
What is the units digit of 464461890?
0
What is the millions digit of 904220090?
4
What is the hundred millions digit of 914512271?
9
What is the ten thousands digit of 71655155?
5
What is the ten thousands digit of 188311060?
1
What is the units digit of 14264303?
3
What is the thousands digit of 4276287219?
7
What is the units digit of 328039163?
3
What is the millions digit of 407855034?
7
What is the units digit of 15139463?
3
What is the millions digit of 87693349?
7
What is the ten thousands digit of 468241?
6
What is the hundred thousands digit of 392846909?
8
What is the hundred thousands digit of 121487236?
4
What is the ten thousands digit of 3644834203?
3
What is the tens digit of 7099220820?
2
What is the hundred millions digit of 271815200?
2
What is the tens digit of 5711848375?
7
What is the ten millions digit of 1492471260?
9
What is the tens digit of 24567030?
3
What is the millions digit of 443522041?
3
What is the hundred millions digit of 120217221?
1
What is the hundred thousands digit of 354862449?
8
What is the ten thousands digit of 26592630?
9
What is the tens digit of 102667228?
2
What is the ten millions digit of 34355522?
3
What is the ten thousands digit of 30725946?
2
What is the hundred thousands digit of 1742756951?
7
What is the units digit of 350635052?
2
What is the hundreds digit of 1664245516?
5
What is the millions digit of 976513991?
6
What is the ten millions digit of 366425333?
6
What is the millions digit of 20124964?
0
What is the tens digit of 5941427?
2
What is the hundred thousands digit of 3476531176?
5
What is the millions digit of 81343321?
1
What is the hundreds digit of 3770381277?
2
What is the millions digit of 3865806?
3
What is the millions digit of 1010982492?
0
What is the thousands digit of 2242294977?
4
What is the hundred thousands digit of 25709811?
7
What is the hundred thousands digit of 563826592?
8
What is the hundred millions digit of 103237377?
1
What is the tens digit of 92206009?
0
What is the hundreds digit of 346525861?
8
What is the hundreds digit of 434955613?
6
What is the thousands digit of 125080028?
0
What is the hundreds digit of 1523795913?
9
What is the thousands digit of 35884053?
4
What is the tens digit of 136769212?
1
What is the millions digit of 26879544?
6
What is the hundred thousands digit of 2875827?
8
What is the ten millions digit of 5713576177?
1
What is the millions digit of 1110256385?
0
What is the tens digit of 378428688?
8
What is the units digit of 608975540?
0
What is the hundred millions digit of 1381246432?
3
What is the units digit of 806907718?
8
What is the thousands digit of 7347876?
7
What is the hundreds digit of 75298839?
8
What is the hundred millions digit of 275267510?
2
What is the ten thousands digit of 743909746?
0
What is the ten millions digit of 2385497170?
8
What is the ten millions digit of 119925630?
1
What is the hundred thousands digit of 175194438?
1
What is the thousands digit of 412381728?
1
What is the hundreds digit of 197221265?
2
What is the billions digit of 3678449696?
3
What is the ten thousands digit of 100896525?
9
What is the hundred thousands digit of 17383705?
3
What is the tens digit of 25579048?
4
What is the millions digit of 2117602449?
7
What is the thousands digit of 23368132?
8
What is the thousands digit of 454091592?
1
What is the tens digit of 1562602006?
0
What is the hundreds digit of 44108100?
1
What is the hundred millions digit of 1090535219?
0
What is the ten millions digit of 20601832?
2
What is the hundred thousands digit of 996855550?
8
What is the millions digit of 87578252?
7
What is the millions digit of 15695818?
5
What is the thousands digit of 193407904?
7
What is the ten thousands digit of 70317052?
1
What is the hundred thousands digit of 12948181?
9
What is the hundreds digit of 3425870681?
6
What is the ten thousands digit of 89024052?
2
What is the hundred thousands digit of 2250382786?
3
What is the units digit of 404429938?
8
What is the ten millions digit of 26216847?
2
What is the ten thousands digit of 1458253?
5
What is the hundreds digit of 1533994699?
6
What is the millions digit of 21644144?
1
What is the units digit of 3152748?
8
What is the millions digit of 340421153?
0
What is the ten thousands digit of 56219991?
1
What is the hundreds digit of 1005319006?
0
What is the tens digit of 619685583?
8
What is the tens digit of 4629273?
7
What is the ten millions digit of 280602138?
8
What is the tens digit of 3074042379?
7
What is the ten millions digit of 3593460655?
9
What is the hundreds digit of 439901034?
0
What is the hundreds digit of 326179729?
7
What is the thousands digit of 120611146?
1
What is the tens digit of 68438337?
3
What is the hundred millions digit of 229579048?
2
What is the hundred thousands digit of 103133097?
1
What is the thousands digit of 69836562?
6
What is the hundreds digit of 4189933576?
5
What is the hundred thousands digit of 36999037?
9
What is the units digit of 512611154?
4
What is the hundred millions digit of 3674652955?
6
What is the tens digit of 7604439?
3
What is the units digit of 654298417?
7
What is the hundred thousands digit of 62944050?
9
What is the tens digit of 1775027611?
1
What is the hundred thousands digit of 54570594?
5
What is the hundred thousands digit of 36537306?
5
What is the thousands digit of 341557248?
7
What is the billions digit of 3034028824?
3
What is the millions digit of 495509295?
5
What is the ten thousands digit of 404305598?
0
What is the hundred thousands digit of 86964487?
9
What is the ten millions digit of 3990477949?
9
What is the ten thousands digit of 156288834?
8
What is the units digit of 316314599?
9
What is the units digit of 1212130492?
2
What is the thousands digit of 3347221230?
1
What is the ten millions digit of 1318879430?
1
What is the ten millions digit of 7586149010?
8
What is the tens digit of 346952320?
2
What is the ten thousands digit of 752294631?
9
What is the units digit of 94692749?
9
What is the ten thousands digit of 948134328?
3
What is the tens digit of 120193929?
2
What is the ten thousands digit of 94273386?
7
What is the hundred millions digit of 155878096?
1
What is the millions digit of 14192250?
4
What is the millions digit of 82377184?
2
What is the hundred millions digit of 604332147?
6
What is the thousands digit of 45718362?
8
What is the ten thousands digit of 37808273?
0
What is the tens digit of 70779671?
7
What is the ten millions digit of 1132206683?
3
What is the hundred millions digit of 3001673268?
0
What is the thousands digit of 128125856?
5
What is the millions di